What is the remainder when (-1 - -308) + 3 + -17 + 13 is divided by 79?
69
Let n = 194 + -167. Let b = 182 + -172. What is the remainder when n is divided by b?
7
Let a(x) = -42*x + 61. Let r be a(3). Let n = 253 + r. What is the remainder when n is divided by 32?
28
Suppose 22*t - 20*t = -3*p + 228, 12 = -4*t. Calculate the remainder when p is divided by 4.
2
Let r(c) = c**3 + 19*c**2 - 73*c - 21. What is the remainder when r(-19) is divided by 1355?
11
Let p(s) = 11*s**2 + 8*s + 3. Let a be p(3). Let i = 154 - a. What is the remainder when 166 is divided by i?
26
Suppose -8*r + 70 = -r. Suppose 0 = 3*w + r*w - 819. What is the remainder when 187 is divided by w?
61
Let r be 301/(-21) - (-2)/6. Let d(n) = n + 9. Let j be d(r). Let x(a) = -a**3 - 4*a**2 + 3*a + 9. What is the remainder when 75 is divided by x(j)?
18
What is the remainder when 88/(-66) - 171340/(-39) is divided by 176?
168
Let z be 2838/330 - (-2)/10*-3. Calculate the remainder when (4/(-3))/((-1)/108) is divided by (5 - z)*5/(15/(-37)).
33
Suppose -16*l = -27*l + 55 + 88. Calculate the remainder when 2897 is divided by l.
11
Let d(t) = 10*t - 24. Let p be d(15). Let z = -76 + p. Let x = 23 + z. Calculate the remainder when x is divided by 39.
34
Suppose -119 = -10*u + 3*u. What is the remainder when 253 is divided by (28/4)/(6 + u/(-3))?
1
Let w(l) = -l**2 - 20*l - 58. Calculate the remainder when 188 is divided by w(-9).
24
Let x(t) = t**2 + 5 + 2 - 4317*t + 4313*t. What is the remainder when 293 is divided by x(4)?
6
Suppose -18*n + 919 = -233. Let y = -94 - -284. What is the remainder when y is divided by n?
62
Suppose 2*d - 84 - 118 = 0. Let q = d - 60. Let o = -34081 - -34090. What is the remainder when q is divided by o?
5
Let t(z) = -z**3 - 7*z**2 + 5*z - 15. Suppose -6 + 22 = -2*k. Suppose 3*n + 12 = 0, -5*p + 301 = -n + 47. What is the remainder when p is divided by t(k)?
5
Let c(g) = g**3 - 10*g**2 - 8*g + 71. Let s be c(7). Suppose -l + 745 = 4*l. Calculate the remainder when l is divided by s/(-4) - (-10 + 5).
35
Let u(m) = -6*m**3 - m**2 + 3*m + 11. Let v = 15 + -15. Calculate the remainder when (v + -81)*-3 + 0 is divided by u(-2).
47
Let g(f) = -5*f + 4. Calculate the remainder when (-150)/(-9)*(3 + 9/6) is divided by g(-3).
18
Suppose 10 = j - 2*y, -j = -0*j + 5*y - 10. Let k = -417 - -419. Suppose 0 - j = -k*c. Calculate the remainder when 24 is divided by c.
4
Let k = -10364 - -10368. Let c = 57 - -132. Calculate the remainder when c is divided by k.
1
Let p = 7053 - -4094. Calculate the remainder when p is divided by 12.
11
Suppose -77 = 10*j - 1327. Let z = 141 - j. Calculate the remainder when z is divided by 10.
6
Suppose 111*g - 4989 = 4779. What is the remainder when 255 is divided by g?
79
Let w(v) = -v**3 - 5*v**2 - 3*v + 16. Let u be w(3). Let b = u - -84. Let i(y) = y**3 + 10*y**2 + 8*y + 4. What is the remainder when i(-8) is divided by b?
11
Let l = -4524 - -4583. Calculate the remainder when 245 is divided by l.
9
Suppose 5*g - b = 4*g + 403, 0 = 5*g + 4*b - 2006. Suppose -g = -19*f + 358. Calculate the remainder when 141 is divided by f.
21
Suppose 0 = -9*h + 25*h - 144. Suppose -5*r = -h - 51. What is the remainder when 83 is divided by r?
11
What is the remainder when ((-1539)/(-30) + (-5)/(-25))*(-264)/(-22) is divided by 151?
14
Suppose -166*w = 41*w - 237843. Calculate the remainder when w is divided by 27.
15
Suppose -5*t - 11 = -51. Suppose -q = -z + 3*q - 6, 2*z + 2*q = t. Suppose z*c + 4*p - 140 = 0, -2*p = 2*p + 12. What is the remainder when c is divided by 20?
16
Let j(p) = 112*p + 2029. What is the remainder when j(-13) is divided by 24?
21
Suppose 2*v - 8*v = -12. Let z(h) = -7 - 5*h**3 + 2*h**3 - 6*h + 2*h**3 + 2*h**3 - 8*h**v. Calculate the remainder when 39 is divided by z(9).
19
Let j(g) = 10*g - 1988*g**3 - g + 1987*g**3 - 8*g**2 + 12. Let a be j(-9). Suppose 10*p - 6*p - a = 0. What is the remainder when 12 is divided by p?
0
Let c(i) = i**3 + i**2 - 10*i - 5. Let j be c(-4). Let x(t) = t**3 + 12*t**2 - 22*t + 2. Calculate the remainder when x(j) is divided by 24.
23
Let u = -24 - -48. Suppose 135 - u = 3*i. Suppose 3*c - 86 = -20. What is the remainder when i is divided by c?
15
Let p(z) = -z**2 + 6*z - 5. Let y be p(4). Suppose 0 = y*i - 0*i - 147. What is the remainder when -89 + 47 - -53 - (-2 - 83) is divided by i?
47
Suppose 0 = 4*c - 8, -2*d + 25*c = 22*c - 2442. What is the remainder when d is divided by 254?
208
Let t(v) = v**3 - 8*v**2 - 6*v - 13. Let k be t(7). Calculate the remainder when 114 + 2/6 + k/24 is divided by 29.
23
Let q = -19122 + 19167. Calculate the remainder when 2695 is divided by q.
40
Let o = -436 - -429. Let b = 1 + 3. What is the remainder when 22 + (7 - -35)/o is divided by b?
0
What is the remainder when 2443 - (3 - 13) - (-1 + 3) is divided by 271?
12
Let q = -122 + 214. Let l be -6*(-1)/2 + q. Let w = 66 + l. Calculate the remainder when w is divided by 33.
29
Let l = 30112 + -30061. Calculate the remainder when 708 is divided by l.
45
Let c(i) = 14*i + 70. Let z be c(13). Let r = z + -148. Calculate the remainder when r is divided by 21.
20
Let d be 4*(168/(-32) + 7). Suppose 33 + d = 2*k. What is the remainder when 316 is divided by k?
16
Let o(u) = 57*u**3 + 2*u**2 - 4*u + 1. Let l be o(1). Let d = l - 40. What is the remainder when 140 is divided by d?
12
Calculate the remainder when 5014 is divided by 44 + (-11568)/264 + (-2 - 6178/(-22)).
271
Let h = 11734 + -9925. Calculate the remainder when h is divided by 58.
11
Suppose 0 = -4*d + 16, 3*d - 968 = 4*f - 0*d. Let i = -223 - f. What is the remainder when 95 is divided by i?
15
Suppose -84 = -2*p - 66, 3*p = -3*o + 5556. Calculate the remainder when o is divided by 33.
28
Suppose 59 = 2*r + 279. Calculate the remainder when 231 is divided by ((-165)/25 + 6)*r.
33
Let u be (2382/4)/((-10)/((-280)/(-21))). What is the remainder when (-2)/22 + u/(-22) is divided by 10?
6
Suppose -5*h + 6*h = 4*h - 390. What is the remainder when 1426 is divided by h?
126
Suppose 0 = 4*y + 9 - 37. Let k(d) = -d**3 + 7*d**2 - 2*d - 13. What is the remainder when k(3) is divided by y?
3
Let i(j) = -j**2 - 11*j - 4. Let w be 2*((-17)/2 + 3). Let q be i(w). What is the remainder when 29 is divided by (q/(-8))/(((-2)/(-48))/1)?
5
Let v(u) = 6*u**2 - 2*u + 2. Let d be v(-3). Let p = -122 + d. Let h = p + 72. What is the remainder when 44 is divided by h?
8
Let f be 0*(-4)/16 - 4. Let x(m) = -2*m**3 - 6*m**2 + 1. Suppose -4 + 34 = 2*a + 4*z, -60 = -4*a - 5*z. What is the remainder when x(f) is divided by a?
3
Let i = -26 + 31. Suppose i*h + 2*x - 317 = 281, 5*h + 3*x - 597 = 0. Calculate the remainder when (84/(-10))/((126/h)/(-7)) is divided by 29.
27
Suppose 4*n - 16 = 8. Let b(q) = 5*q + 189. Let x be b(-37). Suppose 120 = x*l - 0*s - 4*s, 2*s = -3*l + 75. What is the remainder when l is divided by n?
3
Let h(r) = -2*r**3 + 35*r**2 - 65*r - 17. Calculate the remainder when h(15) is divided by 23.
18
Let s(a) = -10*a + 28. Let b be s(-2). Calculate the remainder when b/(-14)*((-6517)/(-14))/(-19) is divided by 22.
18
Let k be -35 + -60 + 12/2. Let j = 213 + k. What is the remainder when j is divided by 21?
19
Let h be 31 - (7 + (-7 - -5)). Suppose -m + h = 7. Calculate the remainder when 169 is divided by m.
17
Let s(f) = 5*f + 110. Let w be s(8). Suppose -54*h - w = -60*h. What is the remainder when h is divided by 9?
7
Let z(a) = -a**2 - 26*a - 35. Let w = -88 + 115. What is the remainder when z(-22) is divided by w?
26
Let a = -54 + 80. Let u = 23 + a. Suppose -4*o - 3*o = -u. Calculate the remainder when 13 is divided by o.
6
Suppose 3*d + 3125 = 5*c + 7*d, 0 = -5*c - 5*d + 3130. Calculate the remainder when c is divided by 296.
29
Let m(a) = a**2 - 165*a - 9961. Calculate the remainder when m(214) is divided by 33/2*4/2.
30
Let t(n) = 26*n + 2. Let b = 148 - 109. Suppose -b = 4*r - 151. Calculate the remainder when t(3) is divided by r.
24
Suppose -186 = -2*a + 5*f, 3*a + 21*f - 279 = 18*f. Suppose -26*d - a = -353. Calculate the remainder when 95 is divided by d.
5
Let t be ((-2)/(-9))/(1/9). Let z be (-5 + t)/((-2)/(-6)*-1). Suppose z = 2*h - 15. What is the remainder when 34 is divided by h?
10
Let b(j) = j**2 - 10*j + 9. Let v be b(-10). Suppose 